 r(s).
-4
Let i be (-1)/((-5)/(-3) - 2). Suppose -i*z = -7 - 2. Let n(d) = 3*d - 2. Give n(z).
7
Let x(c) be the third derivative of c**7/840 + 7*c**6/360 + c**5/60 - c**4/4 + c**3 + 8*c**2. Let d(u) be the first derivative of x(u). What is d(-6)?
18
Let w be (-32)/(-12) - (-3)/9. Let x(u) be the second derivative of -1/12*u**4 - u + 0*u**3 + w*u**2 + 0. Give x(0).
6
Let f(d) = d**2 + 5*d + 1. Suppose z + 5 = -l, -5*z - 19 = 5*l - l. Give f(l).
7
Let b(q) = q**3 - q**2 - q + 2. Let m be b(0). Suppose 2*u = -2*p + 3*p - 5, 5*u = 3*p - 14. Let c(g) = g - 4 + 2*g**2 - g**p - 7*g**m + 0. Give c(-5).
-9
Let l(u) = -u + 3. Let s = -19 - -24. Give l(s).
-2
Suppose -g = -z + 3, -2*g = -z + 3 - 2. Let j be g/(-4)*(1 - 7). Let t(b) = -b**3 + 4*b**2 - 2*b + 4. Determine t(j).
7
Let w(j) = -j - 3. Let h be 4/16 - (-2)/(-8). What is w(h)?
-3
Let q(c) = 4*c**3. Let y be q(1). Suppose -h - 5 = y*h. Let v(a) = -a + 2*a + 2*a**3 + 0*a**3. Calculate v(h).
-3
Let q be (-12)/36 + (-38)/(-6). Let r(v) = q*v - 8*v + 5*v. What is r(1)?
3
Let y be 2 + 1 + (1 - 2). Let h(w) = 2*w**2 - 2. What is h(y)?
6
Let o(a) = -4*a - 4. Let l(w) = 5*w + 4. Let x(b) = 5*l(b) + 6*o(b). Let f = -6 - -2. Give x(f).
-8
Let n(y) = 1 + 36*y - 29*y - y**2 - 9. Give n(7).
-8
Let y(m) = -2*m**2 - 2*m + 2. Suppose -3*x - 4 - 2 = 0. Calculate y(x).
-2
Let j(q) = -q**2 + 3*q + 1. Suppose 0*h = -4*h - 5*l + 11, 4*h = -4*l + 12. What is j(h)?
-3
Let q(y) = -7*y - 3. Let u(b) = 34*b + 16. Let d(i) = -11*q(i) - 2*u(i). Let a be (-8)/(-28)*1 - 9/7. Determine d(a).
-8
Let k = 16 - 10. Let j(b) be the first derivative of b**3/3 - 4*b**2 - b + 1. Calculate j(k).
-13
Let v(n) = -n**2 - 7*n - 2. Let w be v(-6). Let l(d) be the first derivative of d**4/4 - 4*d**3/3 + d**2/2 - 2*d - 149. What is l(w)?
2
Suppose -5*p + 4*p + 1 = -5*d, -d = p + 11. Let l(b) = b + 9. Calculate l(p).
0
Let m(r) be the third derivative of -r**7/840 + r**6/720 - r**5/60 - 4*r**2. Let u(b) be the third derivative of m(b). What is u(-1)?
7
Let d be 1*(4 - 3)*2. Suppose -5 = 3*c - d. Let m(p) be the first derivative of 2*p**3 + 9. Calculate m(c).
6
Suppose 3*a = -0*a. Let w(b) = 4*b**2 - b + 7. Let i(u) = 3*u**2 - u + 8. Let j(f) = -3*i(f) + 2*w(f). Calculate j(a).
-10
Let x(j) = -5*j**2 - 4 - 6*j**2 + j + 6 - 1. Give x(-1).
-11
Let f(a) = -2*a + 1. Let v(r) = -r. Let y(o) = -f(o) + 3*v(o). What is y(-5)?
4
Let u(k) = k. Let i be u(-3). Let j(o) be the second derivative of -o**3/2 - 2*o**2 + 8*o. Give j(i).
5
Let a(c) = -2*c**2 - 5*c + 4. Let q(y) = y. Let u(t) = -a(t) - 4*q(t). What is u(-3)?
11
Let t(g) be the first derivative of -g**4/4 + g**3/3 + g**2/2 + 52. Give t(1).
1
Let c(f) be the third derivative of -f**6/120 - f**5/60 + f**4/12 - f**3/6 - 8*f**2. Determine c(1).
-1
Let m(i) = 2*i**2 - 3*i + 1. Let k = -30 + 33. Determine m(k).
10
Suppose -4*k = k - s + 12, 3*s = -2*k - 15. Let o be (k/(-1))/((-2)/2). Let x(m) be the first derivative of -m**4/4 - m**3 + 3*m**2/2 + 2*m + 2. What is x(o)?
-7
Let o be 1/(-3) - (-39)/9. Suppose 2*q - o = -0*q. Let h(u) = u - 3*u**2 + 2 + u**q + 0. What is h(2)?
-4
Let y(t) = -t + 1. Suppose -5*u - 2*g = -7*g - 5, -2 = 2*u - g. Let f(w) = w**2 - w + 1. Let n(s) = u*f(s) + 5*y(s). Determine n(-2).
-6
Let r(a) = 2*a - 4. Let h be (-5 + 2)*(-1)/3 + 7. Give r(h).
12
Suppose 3*w = 1 + 8. Suppose 10 = i - w*l, l - 3 = -i - 1. Let g(n) = 3*n - 4*n**3 + 4 - 3 - n**2 - i*n. Calculate g(1).
-5
Let q = -21 - -25. Suppose -3*p + q*p + 4 = 0. Let b(j) = -j**2 - 3*j - 2. What is b(p)?
-6
Let h be ((-1)/(-4))/(16/576). Let w(m) = m**2 - 10*m + 6. Calculate w(h).
-3
Let r(c) = 2*c + 6. Suppose -g = -3*k + 14, -2*g + 7*g + 18 = 2*k. Suppose -5*d + 33 - 3 = 0. Suppose -d*a - 8 = -k*a. Calculate r(a).
-2
Let m(c) = -c**2 - 13*c**3 + 2*c**2 + 7*c**3 - c**3. Determine m(1).
-6
Let k(w) = w + 1. Let u be k(2). Suppose -3*g = 5*n - 45, n + 0*g + 4 = 2*g. Let t(x) = -x + 1 - n + 4*x**2 - x**3 + 4. Give t(u).
5
Let p(c) = -2*c + 13. Let t = 5 - 2. Let d(v) = -v + 6. Let x(i) = t*p(i) - 5*d(i). Let f = -3 - -7. What is x(f)?
5
Let t(b) be the first derivative of b**3/3 - b**2/2 + b - 2. Let g(k) = 6*k**2 - 6*k. Let r(h) = -g(h) + 5*t(h). Let u be (2/4)/(1/8). Give r(u).
-7
Suppose -j = -6*j. Let r(l) = 2*l**2 + j*l**2 - l - l**3 + 0*l**3. Let y be (-1 - 1)*2/(-4). What is r(y)?
0
Suppose 2*d + 12 = 3*w, d + 4 = w + 3*d. Let i(m) = -m**3 + 5*m**2 - 3*m - 3. What is i(w)?
1
Let l(y) = -5*y**2 - 2*y + 1. Suppose 6 = 4*d + 2. Let x be l(d). Let w be ((-12)/10)/(x/(-20)). Let q(u) = -u**2 - 4*u - 2. Give q(w).
-2
Suppose -4*y - 25 = 5*z + y, 4*z - 3*y - 8 = 0. Let w(s) = -2*s + 1. Calculate w(z).
3
Let p(n) = 65 - 133 + 2*n**2 + 69. Determine p(-1).
3
Let v be (2/6)/((-8)/(-72)). Suppose v = -4*l + 11. Let s(i) = 3*i**2 + 2*i**l - 4 - 4*i**2 - 7*i + 1. Give s(6).
-9
Let j(y) = -y**2 + y + 2. Let i(n) = -n**3 - 8*n**2 - 7*n + 2. Let h be i(-7). Suppose -g + h*g - 6 = 0. Let t = g - 4. Calculate j(t).
0
Let m = 10 - 7. Let r(l) = -7*l**2 - 2 + 3 + m*l - 2*l. Suppose 0 = 4*d + 3*a + 2 + 2, 0 = -5*d + 4*a - 5. Give r(d).
-7
Suppose 5*r + 9 = -4*j + 1, 0 = -4*j - r - 8. Let o(l) = -l - 1. Let v(a) = 8*a + 5. Let f(t) = 4*o(t) + v(t). What is f(j)?
-7
Let r(c) = -4*c**2. Suppose 0 = b + 2*b + 18. Let t be 8/(-40) + b/(-5). Calculate r(t).
-4
Let l = -10 + 9. Let r be (6*l)/2 - -1. Let j(k) = -2*k**3 - 2*k**2 + 2*k. What is j(r)?
4
Let k(v) = 5*v**2 + 7*v - 1. Let o(q) = -q**3 - q + 7. Let f be o(0). Let r = -1 + -3. Let i(h) = 9*h**2 + 13*h - 1. Let j(g) = f*k(g) + r*i(g). Give j(-2).
-1
Let n = 12 + -2. Let s be ((-4)/n)/((-3)/45). Let t(c) = c**3 - 5*c**2 - 4*c - 2. What is t(s)?
10
Let s(k) = -5*k**3 - 11*k**2 - 11*k - 15. Let z(n) = 3*n**3 + 7*n**2 + 7*n + 10. Let j(p) = -5*s(p) - 8*z(p). Let h(i) = i**2 + i. Let b be h(0). Give j(b).
-5
Let o(u) be the second derivative of u**4/12 + u**3/2 - 4*u**2 - 118*u. Let q = 1 + -2. Let s be q/((-4 - -2)/(-12)). Determine o(s).
10
Let v(r) = -r**2 - r - 1. Let n(x) = -5*x**3 + 5*x**2 + 7*x + 6. Let c(a) = n(a) + 5*v(a). Determine c(-1).
4
Let h = -2 + 1. Let q(w) = -2*w**3 - 2*w**2 + 6. Let g(m) = -m**3 - 1. Let s be ((-4)/(-6))/((-6)/9). Let i(y) = s*q(y) - 5*g(y). Give i(h).
-6
Suppose h + 1 = -3*b, 3*b - 24 + 5 = -5*h. Let r(k) = -3*k + 5*k + h*k. Calculate r(1).
7
Let p(v) = 4*v + 2 - 5*v + 11 - 2. Calculate p(0).
11
Let b(u) = -u**2 - u + 1. Let z(o) = -5*o**2 - 2*o + 9. Let y(k) = -6*b(k) + z(k). Give y(-3).
0
Let l(q) = -q + 10. Let y = -46 - -46. Suppose -2*w + 5 = -w. Suppose 0 = -y*f - w*f. What is l(f)?
10
Suppose -x + k - 2 = 0, k - 2 = 3. Suppose 0 = -3*w - 6, a + 4*a + x*w = 9. Let j(b) = -b**3 + 3*b**2 + 0*b - 2*b + 3 - 6. Calculate j(a).
-9
Let v(f) be the first derivative of -f**2/2 + 13*f + 31. Give v(7).
6
Let r(a) be the second derivative of a**4/12 + 7*a**3/6 - 3*a**2/2 + 6*a. Determine r(-6).
-9
Let o(b) be the second derivative of -b**4/12 + 3*b**2 - b. Let h be (0/(-1) - -1)*0. Determine o(h).
6
Let m = 1 - 7. Let f(u) be the second derivative of 1/20*u**5 + 6*u + 1/2*u**4 + 0 + 1/6*u**3 + 3*u**2. Calculate f(m).
0
Let g = 15 - 11. Let b be 54/10 - g/10. Let n(o) = o + 4. Let r(k) = k + 5. Let m(x) = 3*n(x) - 2*r(x). Determine m(b).
7
Let h(d) = -2*d**3 + d**2 - 1. Let z be 3 - (12/3 + -3). Suppose -3*b + 6*b = -z*p + 14, -22 = -b - 5*p. Suppose 2*w = -b - 0. Give h(w).
2
Let s(f) be the first derivative of -f**2/2 - 5*f - 1. Let h be s(-7). Suppose 0*n - p = n, -5*p = h*n. Let o(l) = l - 5. Give o(n).
-5
Let w(m) = 2*m + 0*m + 1 - 1. Let q be 16/(-7) - (-4)/14. Give w(q).
-4
Let m(i) = -102*i**2 + 10 + 9*i + 50*i**2 + 53*i**2. Calculate m(-7).
-4
Let f = -2 - 1. Let z(u) = -1 + 0 - 2*u + 0*u + 4*u. Calculate z(f).
-7
Let h = -3 + 1. Let m(k) = -2 - 2*k**2 - k**2 + 0*k**2 + 5*k**2. Calculate m(h).
6
Suppose -4 = 7*a - 9*a. Let o(p) be the first derivative of 0*p + 1/2*p**a - 1 - 1/3*p**3. Calculate o(3).
-6
Let b(q) = -3*q**2 - 1. Suppose 2*n - 4 = 10. Let u(a) = -2*a**2 - 1. Let l = 19 - 24. Let k(i) = l*b(i) + n*u(i). Determine k(0).
-2
Let n(w) = 2*w**2 - 20*w + 47. Let m be n(6). Let r(y) = -4*y + 1. Let u(j) = -3*j. Let g(b) = 2*r(b) - 3*u(b). Give g(m).
1
Let t(g) be the first derivative of -g**6/360 + 7*g**5/120 + 5*g**4/24 - 2*g**3/3 + 2. Let a(